 digit of 91058164?
0
What is the ten thousands digit of 32653106?
5
What is the thousands digit of 1683669199?
9
What is the hundred thousands digit of 239192876?
1
What is the ten millions digit of 130807478?
3
What is the tens digit of 5322983?
8
What is the thousands digit of 965276445?
6
What is the ten millions digit of 391376097?
9
What is the thousands digit of 1115998615?
8
What is the tens digit of 211684524?
2
What is the tens digit of 935172?
7
What is the thousands digit of 75926086?
6
What is the thousands digit of 238769065?
9
What is the thousands digit of 11395157?
5
What is the tens digit of 1196000847?
4
What is the hundred millions digit of 2113368984?
1
What is the hundreds digit of 115225789?
7
What is the units digit of 135894409?
9
What is the millions digit of 233405679?
3
What is the units digit of 9642458?
8
What is the hundred millions digit of 806629759?
8
What is the tens digit of 788973554?
5
What is the ten thousands digit of 36101920?
0
What is the ten thousands digit of 44714762?
1
What is the tens digit of 2735972629?
2
What is the ten thousands digit of 98423222?
2
What is the billions digit of 5054189456?
5
What is the hundred millions digit of 425631487?
4
What is the hundred millions digit of 729056695?
7
What is the millions digit of 5396592612?
6
What is the ten millions digit of 4727284084?
2
What is the tens digit of 3167920373?
7
What is the billions digit of 7956496302?
7
What is the hundred millions digit of 1542566622?
5
What is the ten thousands digit of 825201883?
0
What is the millions digit of 356671208?
6
What is the units digit of 2119300208?
8
What is the ten millions digit of 165458189?
6
What is the units digit of 6134954?
4
What is the hundred thousands digit of 631136781?
1
What is the hundred thousands digit of 956135856?
1
What is the ten thousands digit of 211129685?
2
What is the ten thousands digit of 486868277?
6
What is the millions digit of 42813002?
2
What is the units digit of 41219102?
2
What is the millions digit of 36969911?
6
What is the hundred thousands digit of 5092208961?
2
What is the millions digit of 543486213?
3
What is the units digit of 83807148?
8
What is the billions digit of 1855554873?
1
What is the units digit of 6225853184?
4
What is the units digit of 68080217?
7
What is the thousands digit of 37380298?
0
What is the hundred thousands digit of 149232024?
2
What is the hundred millions digit of 504362412?
5
What is the ten thousands digit of 97259467?
5
What is the ten millions digit of 1177754694?
7
What is the tens digit of 214699855?
5
What is the tens digit of 100684437?
3
What is the thousands digit of 6140804291?
4
What is the ten millions digit of 775914666?
7
What is the ten millions digit of 154769960?
5
What is the millions digit of 169565967?
9
What is the ten thousands digit of 3504647?
0
What is the hundred thousands digit of 958188457?
1
What is the ten thousands digit of 46731279?
3
What is the thousands digit of 45242124?
2
What is the thousands digit of 2885675440?
5
What is the units digit of 3590308?
8
What is the ten millions digit of 811512073?
1
What is the hundred thousands digit of 3065119237?
1
What is the hundreds digit of 1879252041?
0
What is the ten millions digit of 137221997?
3
What is the ten thousands digit of 28466841?
6
What is the ten thousands digit of 11492302?
9
What is the tens digit of 1192379131?
3
What is the hundred millions digit of 6707835651?
7
What is the hundreds digit of 37596474?
4
What is the hundreds digit of 38848292?
2
What is the thousands digit of 55823090?
3
What is the thousands digit of 138079525?
9
What is the hundreds digit of 299348929?
9
What is the units digit of 177232965?
5
What is the tens digit of 20612629?
2
What is the ten millions digit of 664960656?
6
What is the thousands digit of 29971750?
1
What is the ten thousands digit of 608936744?
3
What is the thousands digit of 466621745?
1
What is the ten thousands digit of 297505631?
0
What is the tens digit of 26929496?
9
What is the ten millions digit of 2224003558?
2
What is the ten thousands digit of 43522697?
2
What is the tens digit of 1466491346?
4
What is the hundred thousands digit of 213586015?
5
What is the tens digit of 65802661?
6
What is the ten thousands digit of 63489437?
8
What is the hundred thousands digit of 511700040?
7
What is the ten thousands digit of 35399661?
9
What is the units digit of 7913188?
8
What is the hundred millions digit of 1090711781?
0
What is the ten millions digit of 8467476191?
6
What is the hundred millions digit of 139858447?
1
What is the thousands digit of 130490134?
0
What is the tens digit of 2037013981?
8
What is the hundred thousands digit of 242875431?
8
What is the ten millions digit of 80505327?
8
What is the thousands digit of 66223341?
3
What is the hundred millions digit of 1678203914?
6
What is the millions digit of 1075551762?
5
What is the ten thousands digit of 1051986483?
8
What is the ten thousands digit of 8701609?
0
What is the ten millions digit of 458815029?
5
What is the thousands digit of 269412332?
2
What is the units digit of 75968805?
5
What is the ten millions digit of 176074673?
7
What is the thousands digit of 3835110172?
0
What is the billions digit of 1528561405?
1
What is the units digit of 622112707?
7
What is the hundred thousands digit of 126912288?
9
What is the ten millions digit of 701023803?
0
What is the ten millions digit of 348852308?
4
What is the tens digit of 860748165?
6
What is the hundred thousands digit of 53852131?
8
What is the tens digit of 2383900518?
1
What is the tens digit of 4716045247?
4
What is the millions digit of 418656896?
8
What is the hundreds digit of 72572696?
6
What is the ten thousands digit of 223426814?
2
What is the millions digit of 11565773?
1
What is the millions digit of 681848429?
1
What is the ten millions digit of 229992055?
2
What is the thousands digit of 4240220046?
0
What is the tens digit of 284603858?
5
What is the millions digit of 2032533957?
2
What is the thousands digit of 75991423?
1
What is the hundred thousands digit of 33348162?
3
What is the ten thousands digit of 31746?
3
What is the hundred millions digit of 475123491?
4
What is the millions digit of 69106383?
9
What is the ten millions digit of 902702505?
0
What is the tens digit of 2354422340?
4
What is the ten millions digit of 1056036345?
5
What is the tens digit of 687492965?
6
What is the ten millions digit of 1065302708?
6
What is the hundreds digit of 93457466?
4
What is the hundred thousands digit of 1584125683?
1
What is the billions digit of 1226883364?
1
What is the tens digit of 950291047?
4
What is the millions digit of 30144564?
0
What is the hundreds digit of 32244891?
8
What is the units digit of 1961361985?
5
What is the tens digit of 50278172?
7
What is the ten millions digit of 165203401?
6
What is the thousands digit of 347204236?
4
What is the hundred millions digit of 199600803?
1
What is the ten thousands digit of 77016818?
1
What is the hundred thousands digit of 280178938?
1
What is the hundreds digit of 63230666?
6
What is the hundred millions digit of 688993822?
6
What is the billions digit of 1478598671?
1
What is the ten thousands digit of 199238585?
3
What is the thousands digit of 59349210?
9
What is the millions digit of 14773632?
4
What is the hundred thousands digit of 65483355?
4
What is the billions digit of 2065641765?
2
What is the hundred thousands digit of 100228492?
2
What is the ten millions digit of 29879537?
2
What is the millions digit of 1701131893?
1
What is the hundred thousands digit of 104596731?
5
What is the tens digit of 689103916?
1
What is the thousands digit of 106140704?
0
What is the units digit of 3764755128?
8
What is the units digit of 2456069?
9
What is the millions digit of 3265688182?
5
What is the ten thousands digit of 1296827153?
2
What is the tens digit of 236376909?
0
What is the hundreds digit of 15330359?
3
What is the tens digit of 169972061?
6
What is the hundred millions digit of 1158347199?
1
What is the ten millions digit of 31588223?
3
What is the hundred thousands digit of 67218713?
2
What is the thousands digit of 464349986?
9
What is the hundred millions digit of 442